 when 25184931 is divided by 261.
258
Calculate the remainder when 507534 is divided by 13717.
5
Calculate the remainder when 60899339 is divided by 5816.
3
What is the remainder when 206565 is divided by 2580?
165
Calculate the remainder when 49895475 is divided by 4.
3
Calculate the remainder when 2984361 is divided by 396.
105
What is the remainder when 19557890 is divided by 9778935?
20
Calculate the remainder when 196876 is divided by 314.
312
Calculate the remainder when 2022270 is divided by 1011096.
78
Calculate the remainder when 47901887 is divided by 9580377.
2
What is the remainder when 1296653 is divided by 94?
17
Calculate the remainder when 4962384 is divided by 1981.
1960
Calculate the remainder when 1507094 is divided by 271.
63
What is the remainder when 6826074 is divided by 227535?
24
Calculate the remainder when 2187396 is divided by 34.
6
What is the remainder when 324692 is divided by 12025?
17
Calculate the remainder when 36638 is divided by 509.
499
Calculate the remainder when 83020 is divided by 5.
0
Calculate the remainder when 2874763 is divided by 127.
118
Calculate the remainder when 30302 is divided by 13.
12
What is the remainder when 4243913 is divided by 38581?
3
What is the remainder when 3934088728 is divided by 195?
193
Calculate the remainder when 1954992 is divided by 50.
42
Calculate the remainder when 48601 is divided by 48598.
3
What is the remainder when 710470 is divided by 236822?
4
Calculate the remainder when 128987473 is divided by 7.
6
Calculate the remainder when 25844 is divided by 406.
266
Calculate the remainder when 30456 is divided by 14438.
1580
What is the remainder when 227863018 is divided by 5115?
5113
Calculate the remainder when 37715765 is divided by 91.
87
What is the remainder when 583189 is divided by 14510?
2789
Calculate the remainder when 80183 is divided by 26727.
2
Calculate the remainder when 30948266 is divided by 82.
72
What is the remainder when 11182562 is divided by 67?
61
Calculate the remainder when 15277184 is divided by 61.
39
Calculate the remainder when 2389871 is divided by 904.
599
What is the remainder when 3949410 is divided by 48?
18
Calculate the remainder when 6211469 is divided by 221837.
33
What is the remainder when 1565671 is divided by 60218?
3
What is the remainder when 71214118 is divided by 7?
3
Calculate the remainder when 640590 is divided by 106333.
2592
What is the remainder when 3510481 is divided by 282?
145
Calculate the remainder when 13225039 is divided by 455.
9
What is the remainder when 96779 is divided by 23981?
855
What is the remainder when 617488 is divided by 308744?
0
Calculate the remainder when 9164087 is divided by 190917.
71
What is the remainder when 49354 is divided by 9843?
139
What is the remainder when 11048222 is divided by 1578317?
3
Calculate the remainder when 471065 is divided by 29440.
25
What is the remainder when 58045 is divided by 28064?
1917
What is the remainder when 61021899 is divided by 10170316?
3
Calculate the remainder when 1076341 is divided by 140.
21
What is the remainder when 264292 is divided by 12580?
112
Calculate the remainder when 44131 is divided by 3378.
217
What is the remainder when 116053 is divided by 8920?
93
Calculate the remainder when 282329 is divided by 282188.
141
What is the remainder when 467100 is divided by 3314?
3140
Calculate the remainder when 440304 is divided by 2331.
2076
What is the remainder when 776533 is divided by 122?
3
Calculate the remainder when 268830 is divided by 10337.
68
What is the remainder when 239362 is divided by 79764?
70
Calculate the remainder when 1144637 is divided by 1144637.
0
What is the remainder when 9267531 is divided by 2316881?
7
Calculate the remainder when 611171 is divided by 906.
527
Calculate the remainder when 652170 is divided by 3190.
1410
Calculate the remainder when 2517470 is divided by 540.
530
Calculate the remainder when 3157253 is divided by 287022.
11
Calculate the remainder when 6959501 is divided by 1241.
1214
What is the remainder when 869835 is divided by 62?
37
What is the remainder when 252705415 is divided by 660?
655
What is the remainder when 431845 is divided by 107816?
581
What is the remainder when 229851 is divided by 4255?
81
Calculate the remainder when 175625 is divided by 35117.
40
Calculate the remainder when 348043 is divided by 639.
427
Calculate the remainder when 36559798 is divided by 1671.
1660
What is the remainder when 117853991 is divided by 2118?
2117
What is the remainder when 15833 is divided by 5172?
317
Calculate the remainder when 2332803 is divided by 4185.
1758
Calculate the remainder when 44761 is divided by 564.
205
Calculate the remainder when 32645139 is divided by 174.
129
Calculate the remainder when 926466 is divided by 5264.
2
What is the remainder when 1163842620 is divided by 2396?
2392
Calculate the remainder when 75426 is divided by 1802.
1544
Calculate the remainder when 30900 is divided by 4024.
2732
What is the remainder when 4117377 is divided by 2167?
77
What is the remainder when 18595492 is divided by 154?
146
Calculate the remainder when 2216761 is divided by 15834.
1
Calculate the remainder when 659614 is divided by 1534.
1528
What is the remainder when 162616 is divided by 305?
51
What is the remainder when 15366084 is divided by 2210?
2164
Calculate the remainder when 11902 is divided by 3643.
973
Calculate the remainder when 97603847 is divided by 4814.
4811
Calculate the remainder when 100426 is divided by 648.
634
Calculate the remainder when 564523 is divided by 187857.
952
What is the remainder when 10349784 is divided by 2340?
2304
Calculate the remainder when 464246 is divided by 5738.
5206
Calculate the remainder when 4458280 is divided by 442.
268
What is the remainder when 18790 is divided by 5961?
907
Calculate the remainder when 1276385 is divided by 1049.
801
Calculate the remainder when 45034 is divided by 1124.
74
Calculate the remainder when 413608190 is divided by 1983.
1982
What is the remainder when 8902597 is divided by 8902532?
65
What is the remainder when 31073167 is divided by 2382?
2359
What is the remainder when 3560464 is divided by 4612?
0
Calculate the remainder when 337423 is divided by 5112.
31
Calculate the remainder when 700174 is divided by 171.
100
Calculate the remainder when 8239922 is divided by 380.
2
What is the remainder when 275348 is divided by 2351?
281
What is the remainder when 1722957 is divided by 206?
179
Calculate the remainder when 2875579 is divided by 341.
267
Calculate the remainder when 1322051 is divided by 327.
317
What is the remainder when 3344508 is divided by 304045?
13
Calculate the remainder when 566127 is divided by 106.
87
What is the remainder when 5550383 is divided by 254?
229
Calculate the remainder when 406812 is divided by 207.
57
What is the remainder when 2890420 is divided by 100?
20
What is the remainder when 1852391 is divided by 428?
7
What is the remainder when 32042169 is divided by 1592?
1577
What is the remainder when 3752729 is divided by 3327?
3200
What is the remainder when 16190800 is divided by 974?
972
What is the remainder when 14551645 is divided by 14551630?
15
Calculate the remainder when 247094 is divided by 99.
89
Calculate the remainder when 11772063 is divided by 154.
149
Calculate the remainder when 3721246 is divided by 372121.
36
What is the remainder when 1528837 is divided by 152878?
57
Calculate the remainder when 5584697 is divided by 24.
17
What is the remainder when 1030622 is divided by 5126?
296
What is the remainder when 984049 is divided by 818?
813
Calculate the remainder when 190307 is divided by 112.
19
Calculate the remainder when 99418241 is divided by 1272.
1265
What is the remainder when 338815 is divided by 67753?
50
What is the remainder when 261949 is divided by 1343?
64
Calculate the remainder when 74039 is divided by 36860.
319
What is the remainder when 4160946 is divided by 18743?
0
Calculate the remainder when 695273 is divided by 694556.
717
What is the remainder when 36215925 is divided by 24?
21
Calculate the remainder when 139894 is divided by 8470.
4374
What is the remainder when 3208272 is divided by 679?
676
What is the remainder when